de 1642270?
True
Is 4483073 a multiple of 7?
True
Is 4101199 a multiple of 15?
False
Is 758354 a multiple of 20?
False
Does 6 divide 561955?
False
Is 7 a factor of 75201?
True
Is 11 a factor of 1151387?
False
Does 1270 divide 6450330?
True
Is 134524 a multiple of 4?
True
Is 272 a factor of 3445186?
False
Does 19 divide 2784887?
True
Is 71 a factor of 460044?
False
Is 158777 a multiple of 17?
False
Is 42 a factor of 7014?
True
Is 9813474 a multiple of 891?
True
Does 49 divide 1744543?
False
Is 5430480 a multiple of 880?
True
Is 67 a factor of 2417963?
True
Does 12 divide 6593828?
False
Is 177471 a multiple of 939?
True
Is 67 a factor of 275035?
True
Does 15 divide 1170090?
True
Does 658 divide 1480084?
False
Does 243 divide 89454?
False
Does 64 divide 173440?
True
Is 9149443 a multiple of 638?
False
Is 90186 a multiple of 198?
False
Is 263 a factor of 2278895?
True
Does 36 divide 114732?
True
Is 1105402 a multiple of 19?
False
Is 82 a factor of 753252?
True
Is 209580 a multiple of 10?
True
Is 31 a factor of 43952?
False
Does 50 divide 21563?
False
Is 87 a factor of 7806510?
True
Is 166920 a multiple of 87?
False
Is 1139859 a multiple of 103?
False
Is 41348 a multiple of 6?
False
Is 142 a factor of 2789733?
False
Is 8 a factor of 4889632?
True
Does 358 divide 62498?
False
Does 14 divide 19723?
False
Does 18 divide 1249920?
True
Is 81513 a multiple of 9?
True
Is 6430046 a multiple of 14?
True
Is 141 a factor of 173994?
True
Is 1637470 a multiple of 373?
True
Does 8 divide 8304350?
False
Does 53 divide 917376?
False
Is 23 a factor of 3939964?
False
Does 40 divide 342320?
True
Does 54 divide 1109933?
False
Does 33 divide 797676?
True
Is 148776 a multiple of 102?
False
Is 352 a factor of 998272?
True
Does 37 divide 106449?
True
Is 189495 a multiple of 15?
True
Does 9 divide 1616653?
False
Is 2944890 a multiple of 36?
False
Is 126816 a multiple of 8?
True
Is 2 a factor of 54614?
True
Does 5 divide 1236160?
True
Is 135 a factor of 12555?
True
Is 787363 a multiple of 269?
True
Does 14 divide 3972529?
False
Is 2226390 a multiple of 83?
False
Does 15 divide 873746?
False
Is 63 a factor of 242097?
False
Is 9934198 a multiple of 31?
True
Is 8 a factor of 1598683?
False
Is 383556 a multiple of 1204?
False
Is 573 a factor of 457254?
True
Is 559217 a multiple of 23?
False
Is 1368 a factor of 117648?
True
Is 4799 a multiple of 5?
False
Is 762421 a multiple of 11?
True
Is 220359 a multiple of 47?
False
Does 117 divide 65305?
False
Does 10 divide 1688646?
False
Does 4 divide 13937?
False
Does 63 divide 11338766?
False
Is 3 a factor of 44054?
False
Is 14 a factor of 685202?
True
Does 570 divide 42672?
False
Is 197 a factor of 361587?
False
Is 51 a factor of 508113?
True
Does 22 divide 503558?
True
Is 40 a factor of 38397360?
True
Is 9073 a multiple of 6?
False
Is 41 a factor of 14709201?
True
Is 54 a factor of 8037704?
False
Is 327418 a multiple of 91?
True
Is 1439096 a multiple of 650?
False
Is 108 a factor of 385620?
False
Is 331 a factor of 1645795?
False
Is 1544416 a multiple of 67?
False
Does 518 divide 1889710?
False
Is 2 a factor of 50960?
True
Is 169740 a multiple of 345?
True
Does 20 divide 213950?
False
Is 16744 a multiple of 171?
False
Is 9 a factor of 2590803?
True
Does 69 divide 3962611?
False
Is 7906104 a multiple of 24?
True
Is 58 a factor of 10498?
True
Is 16 a factor of 324677?
False
Is 2937402 a multiple of 669?
False
Does 58 divide 3086034?
False
Is 1115451 a multiple of 879?
True
Does 28 divide 219053?
False
Is 74925 a multiple of 45?
True
Does 335 divide 10512635?
True
Does 13 divide 4035889?
True
Is 7 a factor of 873864?
False
Does 601 divide 1516266?
False
Does 15 divide 319898?
False
Is 1194086 a multiple of 345?
False
Is 11 a factor of 15362?
False
Does 18 divide 6898450?
False
Is 3 a factor of 4150392?
True
Is 200 a factor of 8385528?
False
Is 79050 a multiple of 155?
True
Is 330 a factor of 6154500?
True
Does 6 divide 51929?
False
Is 8 a factor of 6261118?
False
Is 22268709 a multiple of 333?
True
Is 66 a factor of 448315?
False
Is 57420 a multiple of 58?
True
Does 47 divide 2034771?
True
Is 211273 a multiple of 38?
False
Is 795720 a multiple of 325?
False
Is 799588 a multiple of 58?
True
Is 129 a factor of 782643?
True
Does 16 divide 5538763?
False
Is 39 a factor of 9837?
False
Is 82 a factor of 2012936?
True
Is 150276 a multiple of 41?
False
Does 20 divide 6370?
False
Does 101 divide 6344?
False
Is 6685536 a multiple of 28?
False
Is 223500 a multiple of 60?
True
Is 1906992 a multiple of 17?
True
Is 449 a multiple of 6?
False
Is 395472 a multiple of 42?
True
Is 266076 a multiple of 57?
True
Is 3305865 a multiple of 1033?
False
Is 879 a factor of 514215?
True
Is 424116 a multiple of 462?
True
Does 31 divide 30235?
False
Is 22436 a multiple of 73?
False
Is 89 a factor of 383323?
True
Is 7 a factor of 105371?
True
Is 222 a factor of 533244?
True
Is 320703 a multiple of 379?
False
Is 151120 a multiple of 15?
False
Does 116 divide 50112?
True
Does 86 divide 74476?
True
Does 78 divide 124520?
False
Is 154842 a multiple of 131?
True
Does 374 divide 1123526?
False
Is 78154 a multiple of 27?
False
Does 9 divide 420045?
False
Is 237001 a multiple of 5?
False
Does 39 divide 9360?
True
Is 966625 a multiple of 195?
False
Is 20 a factor of 4392200?
True
Does 28 divide 308672?
True
Is 180854 a multiple of 112?
False
Is 28 a factor of 77560?
True
Does 69 divide 5645895?
False
Does 21 divide 107709?
True
Is 324576 a multiple of 56?
True
Does 52 divide 1673287?
False
Is 994167 a multiple of 19?
False
Is 157 a factor of 50171?
False
Is 642301 a multiple of 7?
False
Is 35 a factor of 13265?
True
Is 165 a factor of 119955?
True
Is 1079497 a multiple of 52?
False
Does 6 divide 4061179?
False
Does 197 divide 244539?
False
Is 121235 a multiple of 17?
False
Is 666752 a multiple of 434?
False
Is 191970 a multiple of 81?
True
Is 139399 a multiple of 6?
False
Does 9 divide 38397?
False
Does 104 divide 12611796?
False
Is 1054848 a multiple of 536?
True
Is 50041 a multiple of 17?
False
Is 783 a factor of 977483?
False
Is 3 a factor of 45141?
True
Does 479 divide 8281431?
True
Does 463 divide 147798?
False
Does 55 divide 39070?
False
Does 765 divide 4966380?
True
Is 589162 a multiple of 4?
False
Does 37 divide 2125390?
False
Is 12 a factor of 4556280?
True
Is 414 a factor of 91758?
False
Is 28 a factor of 59330?
False
Does 2 divide 2318273?
False
Is 286 a factor of 2474249?
False
Is 8 a factor of 1308520?
True
Is 36307 a multiple of 5?
False
Does 8 divide 1336?
True
Is 98 a factor of 198195?
False
Is 15 a factor of 278021?
False
Is 2371072 a multiple of 19?
False
Does 178 divide 93396?
False
Is 69 a factor of 2788795?
False
Does 272 divide 13055642?
False
Is 41477 a multiple of 439?
False
Is 142 a factor of 8705545?
False
Is 330 a factor of 48876?
False
Is 1001810 a multiple of 17?
True
Is 780 a factor of 2301000?
True
Is 349 a factor of 27417091?
True
Does 15 divide 9693997?
False
Is 11 a factor of 1763652?
True
Is 560448 a multiple of 36?
True
Does 80 divide 29890?
False
Does 120 divide 605803?
False
Is 103 a factor of 360397?
True
Does 425 divide 1631920?
False
Does 13 divide 2888841?
False
Is 463 a factor of 163074?
False
Is 6976400 a multiple of 634?
False
Is 80 a factor of 91136?
False
Does 356 divide 45954?
False
Does 359 divide 459302?
False
Does 30 divide 292647?
False
Does 9 divide 11172240?
True
Does 163 divide 5614535?
True
Does 12 divide 533592?
True
Is 59 a factor of 143783?
True
Is 5 a factor of 65444?
False
Is 1939392 a multiple of 448?
True
Does 58 divide 1240616?
False
Is 209 a factor of 600417?
False
Is 4446767 a multiple of 1185?
False
Is 63333 a multiple of 93?
True
Is 147968 a multiple of 289?
True
Is 379260 a multiple of 86?
True
Is 27 a factor of 125487?
False
Is 91 a factor of 20353078?
False
Is 23 a factor of 113528?
True
Does 230 divide 778479?
False
Is 4057975 a multiple of 205?
True
Does 12 divide 247788?
True
Is 658716 a multiple of 51?
True
Does 3 divide 22160?
False
Does 22 divide 81853?
False
Is 160401 a multiple of 21?
False
Is 14737 a multiple of 37?
False
Is 41767 a multiple of 7?
False
Is 346400 a multiple of 160?
True
Does 4 divide 3892823?
False
Is 27 a factor of 449631?
True
Does 10 divide 6164790?
True
Is 37 a factor of 